0). Let c be (-2)/3*(-51)/2. Let a = c + b. What is the remainder when a is divided by 7?
4
Let k(x) = -x + 48. Calculate the remainder when k(16) is divided by 11.
10
Suppose -2*c = -5*r + 135, -5*r + 5*c = -4*r - 50. What is the remainder when 149 is divided by r?
24
Let d = 90 - 57. Let n be 484/16 + (-6)/(-8). Let u = n + -14. What is the remainder when d is divided by u?
16
Suppose -5*u - z = -321, -2*z + 3*z - 126 = -2*u. Calculate the remainder when u is divided by (3 + (-546)/12)*32/(-40).
31
Suppose -106 = -8*b - 10. What is the remainder when 58 is divided by b?
10
Suppose 0 = 2*f - 3*g + 4*g - 17, 12 = 4*g. Calculate the remainder when f is divided by 3.
1
Let a = 24 - 13. Suppose b - a = -5*s, s + 0*s = b - 5. What is the remainder when 22 is divided by b?
4
What is the remainder when -2 + (116 - 0)/4 is divided by 7?
6
Suppose 5*l = 46 - 16. Suppose -r + 1 = -l. What is the remainder when 27 is divided by r?
6
Suppose 4*c - 12 = 8. Calculate the remainder when ((-5 - -3) + 20)/2 is divided by c.
4
Let k(v) = -v - 2. Let y be k(5). What is the remainder when 20 is divided by 0/2 - 0 - y?
6
Suppose 0*n = 3*n - 2*h - 48, 5*n = -h + 93. Let j be (0 + -10)/((-2)/6). Suppose -2*o = o - j. Calculate the remainder when n is divided by o.
8
Suppose 54*a - 6 = 48*a. What is the remainder when 7 is divided by a?
0
Let z = 3 + 1. Let u be 11/(-2) + 2/(-4). Let r = u - -13. What is the remainder when r is divided by z?
3
Calculate the remainder when 140 is divided by 12/(-16)*2*24/(-2).
14
Suppose -3*q = r, r = q + q + 20. Suppose 2*y + 2*y - 16 = 0. Suppose -s = -4*d + 85, y*s + 5 = 4*d - 71. Calculate the remainder when d is divided by r.
10
Let w(f) = f**3 - 8*f**2 + 10*f - 8. Let r = 16 - 11. Suppose r*z - 94 = 91. Calculate the remainder when z is divided by w(7).
11
Let h(l) = -l + 9. Calculate the remainder when 10 is divided by h(3).
4
Let h = -6 + 11. Let x be h/2*6/5. Suppose x*m + 60 = 7*m. What is the remainder when 44 is divided by m?
14
Suppose 6 = 3*b + 3*o - 84, -4 = o. Calculate the remainder when b is divided by 19.
15
Suppose -4*x - 13 = t + 1, -4*t + 2*x = -16. Calculate the remainder when 17 is divided by 9 + 3 + -1 - t.
8
Let j = 53 + -33. Calculate the remainder when 57 is divided by j.
17
Suppose -4*g = -5*a + 6, -4*a = -4*g + 2*g - 6. Let v = 17 + -14. Calculate the remainder when v is divided by g.
0
What is the remainder when (-1 - 3)*(-17)/4 is divided by 6?
5
Let f(c) = c - 2. Let v be f(5). Suppose 4 = v*w - 8. Let z = -16 + 27. Calculate the remainder when z is divided by w.
3
Suppose -3*y + j = -5, -14 = 3*y + 2*j - 13. Let m = 0 + 1. What is the remainder when m is divided by y?
0
Let d(w) = -w**3 - 5*w**2 + 4*w + 7. What is the remainder when 151 is divided by d(-6)?
18
Suppose -g = t - 6, -5*g = -5*t - 33 - 47. What is the remainder when 18 is divided by g?
7
Let p = 29 + -17. Calculate the remainder when 22 is divided by p.
10
Let g = -34 - -154. Suppose 0 = 5*s - 0*s - g. Calculate the remainder when 70 is divided by s.
22
Suppose i - 17 - 17 = -5*p, -i + 5*p + 24 = 0. Suppose 0*s + 33 = 2*s + 3*w, s + 2*w - 17 = 0. Calculate the remainder when i is divided by s.
14
Suppose 9 = k + 3*h - 3, k - 2*h = -8. Suppose k*d + 33 = 3*d. Let p = 9 - 5. What is the remainder when d is divided by p?
3
Let m = 70 + -54. Calculate the remainder when m is divided by 6.
4
What is the remainder when 5 is divided by 1/(2/1 - 9/6)?
1
Let s = 8 - 8. Suppose 5*n = -s*n + 25. Let j = -6 - -15. Calculate the remainder when j is divided by n.
4
Suppose 8*m + 32 = 424. Suppose 2*t - 16 = -2*j + 26, 0 = -2*t + 8. What is the remainder when m is divided by j?
15
Suppose -4*n + 3*n + 19 = 0. Suppose 0 = w - f - 7, -3*w - 5*f - n = 0. What is the remainder when 4 is divided by w?
0
Suppose -97 = -5*r - 32. Calculate the remainder when 24 is divided by r.
11
Let r(v) = 13*v**2 + v + 3. Calculate the remainder when r(-2) is divided by 14.
11
Let q(b) = -5*b - 24. Calculate the remainder when q(-10) is divided by 15.
11
Suppose -b + 78 = 3*g, -2*g + 209 = 3*b + 2*g. What is the remainder when b is divided by 16?
15
What is the remainder when 37 is divided by -2 - -2 - (-10)/(2 - 1)?
7
Suppose -29 = -2*s + p, s - 35 = -s - 5*p. Let a = s + -3. What is the remainder when 22 is divided by a?
10
Let s be (66/4)/((-12)/(-32)). Let i = 75 - s. Let b(x) = -4*x + 23. Calculate the remainder when i is divided by b(3).
9
Let p be (8/2)/((-12)/(-210)). Let o = p + -18. Suppose 3*t - 50 = 4*h, 3*h - 39 = -2*t - 0*t. Calculate the remainder when o is divided by t.
16
Let a = -8 - -17. What is the remainder when 42/4*42/a is divided by 17?
15
What is the remainder when 3 + -2 + 1 + 4 is divided by (8 - 6)*(-1 + 3)?
2
Suppose 4*y + 6 = 42. Calculate the remainder when y/36 - 95/(-4) is divided by 13.
11
Suppose -o = 2*o. Let g(c) = 0 - 5*c + 2*c**3 + 2 - 3*c**2 + o*c**2. What is the remainder when 26 is divided by g(3)?
12
Suppose -2*r - l = -10, -3*r + 1 = -5*l - 1. Suppose 0*n + 2*n - 40 = -r*k, 4*k = -5*n + 34. Calculate the remainder when 32 is divided by k.
10
Suppose 3*o - 39 = -2*p, 3*p + 40 = 4*o + 5. What is the remainder when 50 is divided by o?
6
Suppose -5*j + 0*j = 2*d - 75, 0 = 3*j + 2*d - 41. What is the remainder when 49 is divided by j?
15
Let t(f) = -f**3 + 8*f**2 - 8*f + 3. Let v(w) = -6*w - 1. Let a be v(-5). Let x = -15 + a. Calculate the remainder when t(6) is divided by x.
13
Suppose 3*z + 40 = z + 4*d, 2*z = d - 40. What is the remainder when 5 is divided by ((-6)/5)/(6/z)?
1
Let t = -99 - -179. What is the remainder when t is divided by 27?
26
Suppose 6*l - 95 = l. Calculate the remainder when l is divided by 5.
4
Let n = 29 + -17. Suppose 2*q + 4*d = -0*d + 2, -2*q + 8 = -2*d. Suppose q*t = -27 + 129. What is the remainder when t is divided by n?
10
What is the remainder when 223/5 + 10/25 is divided by 23?
22
Suppose 2*r + 2 - 6 = 0. What is the remainder when ((-70)/r)/(1/(-1)) is divided by 12?
11
Let n(b) = -b**2 - 12*b + 12. What is the remainder when 80 is divided by n(-11)?
11
Suppose -4*c + 20 = -3*c. Calculate the remainder when 58 is divided by c.
18
Suppose 5*c - 16 = -0*h - h, 2*c - 35 = -3*h. What is the remainder when 27 is divided by h?
5
Let k(b) = 4*b**2 + 2*b - 1. Let a be k(-2). Let j = -6 + a. What is the remainder when 17 is divided by j?
2
Let b = 24 + -14. Suppose 3*d - r - 21 - b = 0, 8 = 4*r. Calculate the remainder when 41 is divided by d.
8
Suppose -51 = -2*c + u, 5*u = -3*c + 45 - 1. Suppose m + 3*r = c, 0 = 4*r + r - 20. What is the remainder when (-5)/15 - 122/(-6) is divided by m?
9
Let z(p) = p**2 - 4*p - 5. Let q be z(5). Calculate the remainder when 5*76*1/10 is divided by (-1 - q) + -1 + 15.
12
Let d(z) = 1. Let a(j) = j + 1. Let u(r) = -a(r) - 2*d(r). Calculate the remainder when 10 is divided by u(-7).
2
Let k be (4/(-2))/2 + -5. What is the remainder when (22/k)/(1/(-9)) is divided by 9?
6
Calculate the remainder when 38 is divided by (3 - (-3)/(-1)) + 10.
8
Suppose 78 = 6*u - 0*u. What is the remainder when 23 is divided by u?
10
Suppose 1236 = 8*v + 380. Suppose -2*n + 27 + 27 = 0. Calculate the remainder when v is divided by n.
26
Suppose -9 - 3 = -3*w. Suppose 0 = -4*y + 2*a + 14, -w = 5*y - 4*y - 3*a. Let i(o) = o + 6. What is the remainder when 31 is divided by i(y)?
9
Let x = 1 + 3. Let f = x + 9. Calculate the remainder when 24 is divided by f.
11
Suppose 42 = 4*b + 3*n - 109, 0 = 4*b - n - 131. Calculate the remainder when b is divided by 3/3 - 2 - -19.
16
Let p(x) = -4*x - 1. Let f be p(-4). Suppose 5*u - 4*b - 35 - f = 0, -10 = 2*b. Let m = u - 4. Calculate the remainder when 4 is divided by m.
0
Suppose 0 = -j + 15 + 51. Suppose -2*a - d = -39, 4*a - 3*d = -d + j. Let p(y) = 9*y + 1. What is the remainder when a is divided by p(1)?
8
Let p = 27 - 19. Calculate the remainder when 22 is divided by p.
6
Suppose 0 = 4*q + 4*j - j - 112, 84 = 3*q + 2*j. What is the remainder when 165 is divided by q?
25
Let u(f) = f**2 - 8*f + 2. Let j be u(8). Suppose 0 = 4*l - j*l - 42. Calculate the remainder when l is divided by 11.
10
Let z(v) = -2*v**2 + 2. Let h be z(-2). Let d = h + 17. Suppose 13 + 18 = x. What is the remainder when x is divided by d?
9
Calculate the remainder when 26 i